s 30 - -5256125?
5256155
In base 13, what is -ba6 + -21bc?
-3095
In base 16, what is -3c840 + 645?
-3c1fb
In base 4, what is -20 + 3023312110101?
3023312110021
In base 5, what is 32431410 - -110?
32432020
In base 13, what is -1271366 - 2?
-1271368
In base 6, what is 2315 - 40324?
-34005
In base 12, what is -7 + -2999bba?
-299a005
In base 8, what is -2241243 + -5?
-2241250
In base 4, what is 102030020002 + -1323?
102030012013
In base 16, what is -49 + a7f14?
a7ecb
In base 2, what is 0 + 10100001111110111110011?
10100001111110111110011
In base 16, what is -aef71 + -2f?
-aefa0
In base 4, what is -2110001 - -3301201?
1131200
In base 12, what is 22 - 84015a7?
-8401585
In base 3, what is -1212 - -22211210021?
22211201102
In base 5, what is -4032142 - -343441?
-3133201
In base 3, what is -21102 - 1112120112?
-1112211221
In base 14, what is -286 + -157cc?
-15a74
In base 5, what is 10 - -124342023?
124342033
In base 7, what is 614534424 + -34?
614534360
In base 6, what is 133305054520 + 5?
133305054525
In base 5, what is 0 - -332410040?
332410040
In base 2, what is 110 + -10100010000110011010111101?
-10100010000110011010110111
In base 10, what is 208 + -3870?
-3662
In base 12, what is -3 + -498a486?
-498a489
In base 16, what is 36609a + 5?
36609f
In base 16, what is 1968 + 59f?
1f07
In base 3, what is 20210 - 22202211102211?
-22202211012001
In base 7, what is 21320310 - 32?
21320245
In base 13, what is 117788 + 30?
1177b8
In base 6, what is 14114301 + 131?
14114432
In base 8, what is -13 + 6441555?
6441542
In base 11, what is 1976292 - 1?
1976291
In base 6, what is 144433354415 - -4?
144433354423
In base 6, what is 1505114 + 334?
1505452
In base 9, what is 1682 + 4112?
5804
In base 5, what is -10 + -3413030440?
-3413031000
In base 9, what is -5305 + -1763?
-7168
In base 12, what is 288 - -12183?
1244b
In base 5, what is -4 + 102341024220?
102341024211
In base 16, what is 482 - -29e0?
2e62
In base 4, what is 21102020 + -3010?
21033010
In base 13, what is 2 + 1674a49?
1674a4b
In base 4, what is 110130010211 + 1?
110130010212
In base 10, what is -45 + -30099439?
-30099484
In base 4, what is -111132 + 223231302?
223120110
In base 4, what is 312222 + 321002?
1233230
In base 8, what is 25447246 + 10?
25447256
In base 4, what is 10 + -12321233213003?
-12321233212333
In base 3, what is -112 + 2200211200200?
2200211200011
In base 7, what is 13463 - 46416?
-32623
In base 16, what is -53d25d + -2?
-53d25f
In base 10, what is -628166 + 137?
-628029
In base 12, what is -6792674 - -1?
-6792673
In base 6, what is 2 + -2133530140?
-2133530134
In base 7, what is -15646 - -23353?
4404
In base 6, what is 20245214144 - -3?
20245214151
In base 10, what is 128010 + 1221?
129231
In base 10, what is -1344955 - -125?
-1344830
In base 10, what is 15 - -5012661?
5012676
In base 3, what is -10220021 + -1102202020?
-1120122111
In base 9, what is 1343005 - -134?
1343140
In base 5, what is 1232224404 + 13?
1232224422
In base 3, what is -101021101 - 1001122?
-102100000
In base 7, what is 44250 + 646?
45226
In base 8, what is -3502045 - 0?
-3502045
In base 5, what is -4222333143 - 0?
-4222333143
In base 4, what is 11 - 1222212220122?
-1222212220111
In base 3, what is -221011202010 - 11?
-221011202021
In base 2, what is 101 + -11100111101100101100101?
-11100111101100101100000
In base 15, what is -850 - -53e?
-311
In base 10, what is -1587 + -76411?
-77998
In base 9, what is -5 - 15566201?
-15566206
In base 9, what is -581234856 - -4?
-581234852
In base 5, what is -2011 + -102341?
-104402
In base 5, what is 10334334 - 433?
10333401
In base 4, what is -203303220222 - -33?
-203303220123
In base 3, what is -11201101102 + 1001101?
-11200100001
In base 8, what is -5651 - -121472?
113621
In base 4, what is -21 - 1121123300112?
-1121123300133
In base 6, what is -143035 + -2525?
-150004
In base 10, what is -154 - 461669?
-461823
In base 4, what is 1 + 3100131312102?
3100131312103
In base 6, what is -45314202 + -21?
-45314223
In base 12, what is -30 - 91b3b71?
-91b3ba1
In base 9, what is -16580888 - 0?
-16580888
In base 8, what is -277361625 + 2?
-277361623
In base 14, what is 8743 - -bd6?
9539
In base 15, what is 5 - 4a60aa?
-4a60a5
In base 9, what is 171 + -262782?
-262611
In base 10, what is 680 + -6776?
-6096
In base 2, what is 10 + -11101000001110101100110?
-11101000001110101100100
In base 4, what is 10203233 - 11101111?
-231212
In base 3, what is -11 + -110210211211?
-110210211222
In base 7, what is -100044 - -23633?
-43111
In base 2, what is -110111101 - -100100010000000?
100011011000011
In base 8, what is -1252174 - 546?
-1252742
In base 4, what is 20 + 31301331011?
31301331031
In base 13, what is 1b634 + 3099?
21700
In base 11, what is 130028 - a9?
12aa2a
In base 16, what is cd71e + 4?
cd722
In base 16, what is 15d81 - -10e?
15e8f
In base 10, what is 4 + 89212740?
89212744
In base 2, what is -1000101100111001010 + -101111?
-1000101100111111001
In base 15, what is 10 - cbde2a?
-cbde1a
In base 11, what is 221 + 1a2a83?
1a31a4
In base 10, what is -17 + 1250158?
1250141
In base 9, what is 0 - -5476540?
5476540
In base 11, what is -13649 + -2628?
-16176
In base 16, what is -3 - a54bcac?
-a54bcaf
In base 12, what is 1bb4 - 11647?
-b653
In base 11, what is -3 - 3318604?
-3318607
In base 9, what is -3630028 + 3?
-3630025
In base 8, what is -102 - -421275?
421173
In base 16, what is -6a4 + -a77e?
-ae22
In base 15, what is 231 - 239a?
-2169
In base 2, what is 100001011001111 + -1011100111?
11111111101000
In base 9, what is -61407 + 6246?
-54151
In base 15, what is -11b2 - 4151?
-5313
In base 6, what is 252315 - 5104?
243211
In base 3, what is 101010201110221 + -2120?
101010201101101
In base 5, what is -300334104310 - -2?
-300334104303
In base 7, what is -10224535004 + 1?
-10224535003
In base 16, what is 36 + -1c80f?
-1c7d9
In base 12, what is 21 - 5963492?
-5963471
In base 16, what is -e4 - 2b6ea?
-2b7ce
In base 11, what is -21307 - -1a4?
-21113
In base 3, what is 2 + 1102210002010201?
1102210002010210
In base 5, what is 12 + 403232211?
403232223
In base 4, what is -3200020133001 - 11?
-3200020133012
In base 13, what is 22174807 - -5?
2217480c
In base 10, what is 22350829 + -2?
22350827
In base 3, what is 201111101 - 20221?
201020110
In base 15, what is -21b - -5d01?
5ad5
In base 3, what is 11 + -11022200220?
-11022200202
In base 4, what is 2332 + -2210000233?
-2203331301
In base 7, what is 3 + -64062511?
-64062505
In base 11, what is -a + -558aa5a?
-558aa69
In base 6, what is -454 + -11025554?
-11030452
In base 3, what is -1022 - 11220010120212?
-11220010122011
In base 9, what is 137 - -21835774?
21836022
In base 16, what is -6aa - -1e08f?
1d9e5
In base 3, what is -1220220210121 - 20210?
-1220221001101
In base 11, what is -37 - -163906?
16387a
In base 16, what is -b - -3812f2c?
3812f21
In base 7, what is -33 + -10034246?
-10034312
In base 15, what is -38273 + 7c1?
-379a2
In base 6, what is 40445535 + -3?
40445532
In base 15, what is -15ca56 - 4?
-15ca5a
In base 9, what is 3048 + 3547?
6606
In base 7, what is -4104626 + -40?
-4104666
In base 16, what is -4ab7 + 24f?
-4868
In base 6, what is 0 + -113451144?
-113451144
In base 5, what is 1314142444 + -4?
1314142440
In base 9, what is -1127844 - -23?
-1127821
In base 16, what is d + 58b6260?
58b626d
In base 8, what is -5 + -1034761744?
-1034761751
In base 9, what is 1053 - 13108?
-12045
In base 14, what is -5a - 25b90?
-25c0a
In base 8, what is -6451 - 1230?
-7701
In base 12, what is -104aab - -bb?
-1049b0
In base 6, what is -33545553 + -202?
-33550155
In base 9, what is 38803487 + -2?
38803485
In base 5, what is -13212412 - 114?
-13213031
In base 16, what is -de739 + 61?
-de6d8
In base 5, what is 414 - 1443403?
-1442434
In base 4, what is -11 + 1320222022233?
1320222022222
In base 4, what is -33020 + 220213000?
220113320
In base 15, what is -400774e5 + 4?
-400774e1
In base 13, what is 2827 - -b38?
3662
In base 3, what is -2212201 + -210022?
-10200000
In base 5, what is -400 + 23124032?
23123132
In base 13, what is -50537 + 612?
-4cc25
In base 3, what is 0 - -22020210121122?
22020210121122
In base 14, what is -782c + -3dc?
-7c2a
In base 12, what is -a99 - 203a?
-2b17
In base 10, what is -7450 + -66?
-7516
In base 11, what is -1a0605 + 414?
-1a0